{"id":735,"date":"2026-01-29T11:43:53","date_gmt":"2026-01-29T11:43:53","guid":{"rendered":"https:\/\/aprenderenirlanda.com\/?page_id=735"},"modified":"2026-01-29T11:43:55","modified_gmt":"2026-01-29T11:43:55","slug":"politica-de-cookies","status":"publish","type":"page","link":"https:\/\/aprenderenirlanda.com\/index.php\/politica-de-cookies\/","title":{"rendered":"POL\u00cdTICA DE COOKIES"},"content":{"rendered":"\n<p>El sitio web <a target=\"_blank\" rel=\"noreferrer noopener\" href=\"http:\/\/aprenderenirlanda.com\">http:\/\/aprenderenirlanda.com<\/a> utiliza cookies para mejorar la navegaci\u00f3n del usuario.<\/p>\n\n\n\n<ul class=\"wp-block-list\">\n<li><strong>Cookies t\u00e9cnicas:<\/strong> Necesarias para el correcto funcionamiento del portal.<\/li>\n\n\n\n<li><strong>Cookies de an\u00e1lisis:<\/strong> Nos permiten cuantificar el n\u00famero de usuarios y realizar la medici\u00f3n estad\u00edstica del uso que hacen los usuarios del servicio ofertado. El usuario puede configurar su navegador para aceptar, bloquear o eliminar las cookies instaladas en su equipo en cualquier momento.<\/li>\n<\/ul>\n","protected":false},"excerpt":{"rendered":"<p>El sitio web http:\/\/aprenderenirlanda.com utiliza cookies para mejorar la navegaci\u00f3n del usuario.<\/p>\n","protected":false},"author":1,"featured_media":0,"parent":0,"menu_order":0,"comment_status":"closed","ping_status":"closed","template":"","meta":{"footnotes":""},"class_list":["post-735","page","type-page","status-publish","hentry"],"yoast_head":"<!-- This site is optimized with the Yoast SEO plugin v26.9 - https:\/\/yoast.com\/product\/yoast-seo-wordpress\/ -->\n<title>POL\u00cdTICA DE COOKIES - Aprender en Irlanda<\/title>\n<meta name=\"robots\" content=\"index, follow, max-snippet:-1, max-image-preview:large, max-video-preview:-1\" \/>\n<link rel=\"canonical\" href=\"https:\/\/aprenderenirlanda.com\/index.php\/politica-de-cookies\/\" \/>\n<meta property=\"og:locale\" content=\"es_ES\" \/>\n<meta property=\"og:type\" content=\"article\" \/>\n<meta property=\"og:title\" content=\"POL\u00cdTICA DE COOKIES - Aprender en Irlanda\" \/>\n<meta property=\"og:description\" content=\"El sitio web http:\/\/aprenderenirlanda.com utiliza cookies para mejorar la navegaci\u00f3n del usuario.\" \/>\n<meta property=\"og:url\" content=\"https:\/\/aprenderenirlanda.com\/index.php\/politica-de-cookies\/\" \/>\n<meta property=\"og:site_name\" content=\"Aprender en Irlanda\" \/>\n<meta property=\"article:modified_time\" content=\"2026-01-29T11:43:55+00:00\" \/>\n<meta name=\"twitter:card\" content=\"summary_large_image\" \/>\n<meta name=\"twitter:label1\" content=\"Tiempo de lectura\" \/>\n\t<meta name=\"twitter:data1\" content=\"1 minuto\" \/>\n<script type=\"application\/ld+json\" class=\"yoast-schema-graph\">{\"@context\":\"https:\/\/schema.org\",\"@graph\":[{\"@type\":\"WebPage\",\"@id\":\"https:\/\/aprenderenirlanda.com\/index.php\/politica-de-cookies\/\",\"url\":\"https:\/\/aprenderenirlanda.com\/index.php\/politica-de-cookies\/\",\"name\":\"POL\u00cdTICA DE COOKIES - Aprender en Irlanda\",\"isPartOf\":{\"@id\":\"https:\/\/aprenderenirlanda.com\/#website\"},\"datePublished\":\"2026-01-29T11:43:53+00:00\",\"dateModified\":\"2026-01-29T11:43:55+00:00\",\"breadcrumb\":{\"@id\":\"https:\/\/aprenderenirlanda.com\/index.php\/politica-de-cookies\/#breadcrumb\"},\"inLanguage\":\"es\",\"potentialAction\":[{\"@type\":\"ReadAction\",\"target\":[\"https:\/\/aprenderenirlanda.com\/index.php\/politica-de-cookies\/\"]}]},{\"@type\":\"BreadcrumbList\",\"@id\":\"https:\/\/aprenderenirlanda.com\/index.php\/politica-de-cookies\/#breadcrumb\",\"itemListElement\":[{\"@type\":\"ListItem\",\"position\":1,\"name\":\"Portada\",\"item\":\"https:\/\/aprenderenirlanda.com\/\"},{\"@type\":\"ListItem\",\"position\":2,\"name\":\"POL\u00cdTICA DE COOKIES\"}]},{\"@type\":\"WebSite\",\"@id\":\"https:\/\/aprenderenirlanda.com\/#website\",\"url\":\"https:\/\/aprenderenirlanda.com\/\",\"name\":\"Aprender en Irlanda\",\"description\":\"\",\"publisher\":{\"@id\":\"https:\/\/aprenderenirlanda.com\/#organization\"},\"potentialAction\":[{\"@type\":\"SearchAction\",\"target\":{\"@type\":\"EntryPoint\",\"urlTemplate\":\"https:\/\/aprenderenirlanda.com\/?s={search_term_string}\"},\"query-input\":{\"@type\":\"PropertyValueSpecification\",\"valueRequired\":true,\"valueName\":\"search_term_string\"}}],\"inLanguage\":\"es\"},{\"@type\":\"Organization\",\"@id\":\"https:\/\/aprenderenirlanda.com\/#organization\",\"name\":\"Aprender en Irlanda\",\"url\":\"https:\/\/aprenderenirlanda.com\/\",\"logo\":{\"@type\":\"ImageObject\",\"inLanguage\":\"es\",\"@id\":\"https:\/\/aprenderenirlanda.com\/#\/schema\/logo\/image\/\",\"url\":\"https:\/\/aprenderenirlanda.com\/wp-content\/uploads\/2025\/02\/logo-aprenderenirlanda-small.webp\",\"contentUrl\":\"https:\/\/aprenderenirlanda.com\/wp-content\/uploads\/2025\/02\/logo-aprenderenirlanda-small.webp\",\"width\":200,\"height\":166,\"caption\":\"Aprender en Irlanda\"},\"image\":{\"@id\":\"https:\/\/aprenderenirlanda.com\/#\/schema\/logo\/image\/\"}}]}<\/script>\n<!-- \/ Yoast SEO plugin. -->","yoast_head_json":{"title":"POL\u00cdTICA DE COOKIES - Aprender en Irlanda","robots":{"index":"index","follow":"follow","max-snippet":"max-snippet:-1","max-image-preview":"max-image-preview:large","max-video-preview":"max-video-preview:-1"},"canonical":"https:\/\/aprenderenirlanda.com\/index.php\/politica-de-cookies\/","og_locale":"es_ES","og_type":"article","og_title":"POL\u00cdTICA DE COOKIES - Aprender en Irlanda","og_description":"El sitio web http:\/\/aprenderenirlanda.com utiliza cookies para mejorar la navegaci\u00f3n del usuario.","og_url":"https:\/\/aprenderenirlanda.com\/index.php\/politica-de-cookies\/","og_site_name":"Aprender en Irlanda","article_modified_time":"2026-01-29T11:43:55+00:00","twitter_card":"summary_large_image","twitter_misc":{"Tiempo de lectura":"1 minuto"},"schema":{"@context":"https:\/\/schema.org","@graph":[{"@type":"WebPage","@id":"https:\/\/aprenderenirlanda.com\/index.php\/politica-de-cookies\/","url":"https:\/\/aprenderenirlanda.com\/index.php\/politica-de-cookies\/","name":"POL\u00cdTICA DE COOKIES - Aprender en Irlanda","isPartOf":{"@id":"https:\/\/aprenderenirlanda.com\/#website"},"datePublished":"2026-01-29T11:43:53+00:00","dateModified":"2026-01-29T11:43:55+00:00","breadcrumb":{"@id":"https:\/\/aprenderenirlanda.com\/index.php\/politica-de-cookies\/#breadcrumb"},"inLanguage":"es","potentialAction":[{"@type":"ReadAction","target":["https:\/\/aprenderenirlanda.com\/index.php\/politica-de-cookies\/"]}]},{"@type":"BreadcrumbList","@id":"https:\/\/aprenderenirlanda.com\/index.php\/politica-de-cookies\/#breadcrumb","itemListElement":[{"@type":"ListItem","position":1,"name":"Portada","item":"https:\/\/aprenderenirlanda.com\/"},{"@type":"ListItem","position":2,"name":"POL\u00cdTICA DE COOKIES"}]},{"@type":"WebSite","@id":"https:\/\/aprenderenirlanda.com\/#website","url":"https:\/\/aprenderenirlanda.com\/","name":"Aprender en Irlanda","description":"","publisher":{"@id":"https:\/\/aprenderenirlanda.com\/#organization"},"potentialAction":[{"@type":"SearchAction","target":{"@type":"EntryPoint","urlTemplate":"https:\/\/aprenderenirlanda.com\/?s={search_term_string}"},"query-input":{"@type":"PropertyValueSpecification","valueRequired":true,"valueName":"search_term_string"}}],"inLanguage":"es"},{"@type":"Organization","@id":"https:\/\/aprenderenirlanda.com\/#organization","name":"Aprender en Irlanda","url":"https:\/\/aprenderenirlanda.com\/","logo":{"@type":"ImageObject","inLanguage":"es","@id":"https:\/\/aprenderenirlanda.com\/#\/schema\/logo\/image\/","url":"https:\/\/aprenderenirlanda.com\/wp-content\/uploads\/2025\/02\/logo-aprenderenirlanda-small.webp","contentUrl":"https:\/\/aprenderenirlanda.com\/wp-content\/uploads\/2025\/02\/logo-aprenderenirlanda-small.webp","width":200,"height":166,"caption":"Aprender en Irlanda"},"image":{"@id":"https:\/\/aprenderenirlanda.com\/#\/schema\/logo\/image\/"}}]}},"_links":{"self":[{"href":"https:\/\/aprenderenirlanda.com\/index.php\/wp-json\/wp\/v2\/pages\/735","targetHints":{"allow":["GET"]}}],"collection":[{"href":"https:\/\/aprenderenirlanda.com\/index.php\/wp-json\/wp\/v2\/pages"}],"about":[{"href":"https:\/\/aprenderenirlanda.com\/index.php\/wp-json\/wp\/v2\/types\/page"}],"author":[{"embeddable":true,"href":"https:\/\/aprenderenirlanda.com\/index.php\/wp-json\/wp\/v2\/users\/1"}],"replies":[{"embeddable":true,"href":"https:\/\/aprenderenirlanda.com\/index.php\/wp-json\/wp\/v2\/comments?post=735"}],"version-history":[{"count":1,"href":"https:\/\/aprenderenirlanda.com\/index.php\/wp-json\/wp\/v2\/pages\/735\/revisions"}],"predecessor-version":[{"id":736,"href":"https:\/\/aprenderenirlanda.com\/index.php\/wp-json\/wp\/v2\/pages\/735\/revisions\/736"}],"wp:attachment":[{"href":"https:\/\/aprenderenirlanda.com\/index.php\/wp-json\/wp\/v2\/media?parent=735"}],"curies":[{"name":"wp","href":"https:\/\/api.w.org\/{rel}","templated":true}]}}